 is divided by z.
35
Suppose 355399 = 171*v - 62380 + 84842. Calculate the remainder when v is divided by 5.
2
Let r(f) = -f**2 + 243*f + 180. What is the remainder when r(0) is divided by 135?
45
What is the remainder when ((-43276)/31)/(2 + -8)*3 is divided by 3?
2
Suppose j - 14 = -10, -3*w + j = -185. What is the remainder when 1194 is divided by w?
60
Let z = 69 - -157. Suppose 5*j - 4*l - 66 = 13, -j - 1 = -5*l. Calculate the remainder when z is divided by j.
17
Let q be 3 + 2 + 1 + -3. Suppose -24 = -3*s - 3*z, q*s = 5*s - z - 22. Suppose -211 = -6*r - 37. Calculate the remainder when r is divided by s.
9
Let p(f) = -f**3 + 10*f**2 - 13*f - 17. Suppose -3*r - 2 + 36 = 5*d, 3*r = -6. Let l be (10 - 11)/((-1)/d). What is the remainder when 33 is divided by p(l)?
5
What is the remainder when ((-45)/40)/((-108)/23616) is divided by 56?
22
Suppose 86*j - 91*j + 6498 = 2*b, 4*b - 13032 = -4*j. Calculate the remainder when b is divided by 233.
2
Let a(b) = b**3 - 17*b**2 - 273*b + 9. Calculate the remainder when 1887 is divided by a(-8).
108
Suppose 606 = x + 3*q, -2*x + 364*q = 366*q - 1200. What is the remainder when x is divided by 195?
12
Suppose 4*v - 2*a = -14, 7*v + 2*a - 2 = 5*v. Let r = 64 + v. Suppose 0 = 2*b - 3*b + 32. Calculate the remainder when r is divided by b.
30
Let j = -73 - -213. Let m(u) = 21*u + 465. Calculate the remainder when j is divided by m(-21).
20
Let b(u) = -2*u**2 - 4*u - 3. Let m be b(0). Let i be (((-558)/(-15))/m)/(1/(-5)). Suppose 2*g + i = 3*g. Calculate the remainder when g is divided by 13.
10
Let t be 118/(9/((-27)/(-6))). Suppose 54*c - t*c = -10. Let y = 54 - c. What is the remainder when y is divided by 11?
8
Let c(y) = -y**3 - 14*y**2 + 12*y - 15. Let t be c(-15). Suppose 42*z = 40*z + t. Let a = -330 - -508. What is the remainder when a is divided by z?
13
Suppose 3*j = 2*j. Let h(o) be the third derivative of -o**6/120 + 133*o**3/6 - 132*o**2. Calculate the remainder when h(j) is divided by 34.
31
Suppose -101*u + 15652 = 145*u - 74*u. Suppose -2*a - 4*k + 94 = 0, -a + 54 = 4*k + 7. What is the remainder when u is divided by a?
44
Suppose -46*a + 11782 = -13702. Calculate the remainder when a is divided by 10.
4
Suppose -t + 69 = 4*m + 4*t, -5*t = -4*m + 99. Suppose 219 = 3*j + m. Let r = j + -35. Calculate the remainder when r is divided by 8.
7
Suppose 3*x - v + 1560 = 8*x, 4*x + 2*v = 1242. Let r = 338 - x. Calculate the remainder when r is divided by 19.
6
Let a(i) = -6*i**3 - 52*i**2 - 53*i + 18. What is the remainder when 656 is divided by a(-8)?
98
Suppose -856*m = -651*m - 343990. What is the remainder when m is divided by 35?
33
Suppose 0 = -4*p - 3*x + 18, 4*x = 2*p - x + 4. Suppose 5*t + 280 = 3*f, -35*f + 32*f = p*t - 288. Calculate the remainder when f is divided by 24.
23
Let v = -2175 + 2298. What is the remainder when v is divided by 106?
17
Suppose 0 = 5*x - 1532 - 883. Calculate the remainder when x is divided by 99.
87
Let s be 8 - (7 + 315) - 2. Let z = 627 + s. Calculate the remainder when z is divided by 8.
7
Suppose 0 = 4*w - a - 136, 3*w - 42 = -5*a + 83. Suppose -2*m + 16 - 2 = 2*l, 3*l + w = 5*m. Calculate the remainder when 143 is divided by m.
3
Let l = -10011 + 10047. What is the remainder when 1148 is divided by l?
32
Let u = -20 + 13. Let j(p) = -p**3 - 4*p**2 - 7. Calculate the remainder when j(u) is divided by 36.
32
Suppose 14*j = 1152 + 7331 + 1261. Calculate the remainder when j is divided by 50.
46
Suppose -154*u = -27998 - 453714. What is the remainder when u is divided by 149?
148
Suppose 0 = 4*x - 2*t - 75 - 35, -2*t - 2 = 0. Calculate the remainder when 1302 is divided by x.
6
Let v(d) = -19*d - 19*d - 15 + 43*d. Let z = -66 - -78. What is the remainder when v(7) is divided by z?
8
Suppose -245*a + 249*a - 2348 = 0. Calculate the remainder when a is divided by 56.
27
Suppose 3*w = -0*w - 5*h - 3, -w + 2*h = -10. Suppose -3*q - 4*s + 146 = 0, w*s = 23 - 15. What is the remainder when 127 is divided by q?
35
Let a be 18*(40/6)/4. Suppose s = -9*s + a. Calculate the remainder when (-14)/(-77) + s/((-66)/(-326)) is divided by 3.
0
Suppose 0 = -5*t + 4*f + 1599, 484*f - 488*f - 642 = -2*t. Suppose -5*c + 270 - 110 = 0. Calculate the remainder when t is divided by c.
31
Let s = -173 - -242. Let v = s - 52. What is the remainder when 29 is divided by -1 - (2 - (v - -1))?
14
Suppose 8*n + 1875 = -1405. Let p = -379 - n. What is the remainder when p is divided by 7?
3
Let v(u) = 5*u**2 + u - 13. Suppose 2 = -i - 3. Let h be v(i). Let j = 181 - h. What is the remainder when j is divided by 11?
8
Suppose 1074 = 2*q - 198. Let m = 771 - q. Calculate the remainder when m is divided by 17.
16
Let d(q) = 22*q**2 + 31*q - 340. Calculate the remainder when d(8) is divided by 55.
51
Let x = -3 + 2. Let f(n) be the first derivative of -73*n**2/2 + n + 260. Calculate the remainder when f(x) is divided by 19.
17
Suppose 10*l = 44*l - 4*l - 9930. Calculate the remainder when 583 is divided by l.
252
Let u = -750 + 1474. Let t = 136 - 103. What is the remainder when u is divided by t?
31
Let c = -12315 + 19452. What is the remainder when c is divided by 59?
57
Let f(v) = 997*v - 3741. Calculate the remainder when f(4) is divided by 38.
19
Let d(r) = -4*r**3 - 9*r**2 - 6*r + 17. Calculate the remainder when d(-3) is divided by 1 - (1 - -9)*-2.
20
Let n(z) = z**3 + 21*z**2 + 9*z + 12. Calculate the remainder when n(-19) is divided by 182.
17
Suppose -g - 113 = 3*n - 26, -4*g = 0. Let j = n + 38. What is the remainder when j is divided by 6?
3
Let x(i) = i**2 + 12*i + 27. Let t be x(-3). Suppose -5*y = 2*u + 85 - 238, t = 4*y + 12. Calculate the remainder when u is divided by 22.
18
Let a(p) = p - 5*p + 4 + 0*p + 5*p. Let b be a(0). Suppose 0 = j + 2*f - b, -5*j + 24 + 6 = 5*f. Calculate the remainder when 44 is divided by j.
4
Suppose 585 = -o + 6*o. Suppose -160 = 12*q - 2*q. Let t(h) = 4*h + 88. What is the remainder when o is divided by t(q)?
21
Suppose -34 = -2*j + 2*c, -5*j + j + 59 = -c. Calculate the remainder when (-2)/3*306/(-12) is divided by (-5 + (-27)/(-6))/((-1)/j).
3
Suppose 0 = -4*i + 10 - 2. Let n(u) = 29*u**3 - 3*u**2 + 2*u + 3. What is the remainder when n(i) is divided by 46?
43
Let o be 96 - 91 - (-305 - 2/(-2)). Let s = o + -220. Calculate the remainder when s is divided by 26.
11
Let q be (-8*(-7)/(-42))/(2/3). What is the remainder when 64 is divided by ((-14)/(-4) + q)/(6/60)?
4
Let h = 1120 - 1120. Suppose -45 = -7*a + 2*a. Calculate the remainder when a is divided by 0/4 + 4/1 - h.
1
Suppose 6915 + 2178 = 21*q. Let w = q + -191. Calculate the remainder when w is divided by 63.
53
Let h = 346 - 365. What is the remainder when 31 is divided by (25/25)/((-1)/h)?
12
Suppose 0 = -2*f - 2*t - 6, -26 = -2*f - t - 29. Suppose f = m - 3*c, 3*m - 8*c = -6*c + 28. Calculate the remainder when 42 is divided by m.
6
Let q(h) = -h**2 + 5*h + 61. Let l be q(11). What is the remainder when 153 is divided by (40 - -1)/(-6 + (l - -12))?
30
Suppose 1252 + 852 = 60*j - 416. Calculate the remainder when 50 is divided by j.
8
Suppose -b = 5, 0 = 4*r - 2*b + b - 5. Suppose r = 10*w - 31*w + 1554. What is the remainder when w is divided by 19?
17
Let z = 242 + 43. Suppose -6*g + 9*g - z = 0. Let y = -76 + g. Calculate the remainder when 93 is divided by y.
17
Let x = 67 + -65. Let m(h) = 16*h**2 - 19*h**3 - 31 - 5*h**x + 5*h - 15*h**3 + 35*h**3. What is the remainder when m(-7) is divided by 12?
10
Suppose -11*m + 49 = -4*m. Suppose 3*t - 210 = -0*t. Let a = -50 + t. What is the remainder when a is divided by m?
6
Let j(g) = 4*g**3 + 6*g**2 + g - 6. Let k be j(-4). Let o = k + 323. Calculate the remainder when 113 is divided by o/4 - 3/12.
37
Let n(s) = -136*s + 40*s + s**2 + 70*s + 97. Calculate the remainder when n(24) is divided by 33.
16
Let u be (74/(-4))/((-2)/(-4)). Let v be 48/(-4)*(-1 - (-18)/4). Let i = u - v. Calculate the remainder when 13 is divided by i.
3
Let l = -36 + 73. Suppose 4*k = 2*b - 8, -k = -4*b + 2*b + 8. Suppose 2*y = b*r - 4 + 16, -5*y + 3*r = -44. Calculate the remainder when l is divided by y.
7
Suppose 0 = d + 5*x - 3, -3*d + 0*x - 5*x = -19. Suppose 6*a - 5*p = 3*a + 73, -2*p + d = 0. Calculate the remainder when a is divided by 16.
15
Suppos